3. Let k(m) = 39*h(m) + 4*v(m). Let q be (-2 - 1 - -1) + 2. Suppose q*u = -3*u + 3. Give k(u).
-6
Let y(j) = -5*j - 6. Let d(s) = 5*s + 6. Let q be (96/15)/((-2)/10)*-1. Suppose -9*c - q = -c. Let x(k) = c*d(k) - 3*y(k). Calculate x(-4).
14
Let l(y) be the second derivative of 13/6*y**3 - 1/2*y**2 + 4*y - 5 - 1/12*y**4. Calculate l(13).
-1
Let y(l) = -l**2 - 8*l - 9. Let h = 3 + -32. Let i be (h + 4)*30/(-25). Let o be (9/(-6))/(i/140). Calculate y(o).
-2
Let r(m) be the third derivative of m**5/30 - 5*m**4/6 - 4*m**3/3 + 2*m**2 + 3147*m + 2. Calculate r(14).
104
Let w = 89 + -26. Let k be (27/w)/(-3) + 34/(-7). Let y(v) = v**2 + 7*v + 1. Give y(k).
-9
Let u be (-9)/(-6) - (0 - 35/(-2)). Let g = -12 - u. Suppose -i + 31 = 3*c + 5, 0 = g*c + 3*i - 43. Let o(a) = a - 6. What is o(c)?
1
Suppose 2*w + 4 = 0, -5*a + 13 = 4*w - 4. Suppose -5*j - 32 = 5*q + 8, -2 = 2*j - a*q. Let u(v) = -6*v**2 - 3*v**3 - 2*v + 0*v**3 + 2*v**3. Give u(j).
12
Let m(i) = 25 + 2*i + 83*i**3 - 38*i**3 + 3*i - 9*i**2 - 44*i**3. Determine m(8).
1
Let g(a) = 177*a + 172*a + 2*a**2 - 346*a. Suppose 2 = 4*p - 3*p. Suppose 0 = -2*h - p - 2. Give g(h).
2
Let f(k) = -7689*k + 7687*k + 4 - 4. Let c(j) = 6*j - 1. Let l(b) = 2*c(b) + 5*f(b). Suppose 11*q = 6*q + 20. Determine l(q).
6
Let n(o) = -34 + 13*o + 46 + o - 16 + o**2. Calculate n(-13).
-17
Let f(s) = -5*s**2 - 36*s - 16. Let v = -397 - -390. Calculate f(v).
-9
Let j(b) = -2*b - 2. Let s(z) = 6*z - 13. Let f(d) = 5*j(d) + s(d). What is f(10)?
-63
Let b(o) = -10 - 18 - o + 3 + 2*o - 3*o. Give b(-9).
-7
Let h be 56/(-21)*102/8. Let w = 35 + h. Let l be 36/(-12) - w*-3. Let n(f) = -f**2 - f - 6. Determine n(l).
-6
Let o be ((-22)/(-10) - -1)/((-16)/(-40)). Suppose o*i + 79 = 71. Let m(z) = -1 - 3*z**2 + 3*z**2 - 2*z + 8*z**3. What is m(i)?
-7
Let j(q) = -q**2 + 7*q + 6. Let b(z) = 5*z**2 + 78*z - 39. Let i be b(-16). Determine j(i).
-92
Let y(k) = 3*k**2 + 26*k - 5. Let f be y(-9). Let s(o) = 7*o - 8 + 7*o**2 - o**3 + f*o**2 - 2*o**2 - 6*o**2. What is s(4)?
4
Let h(l) be the second derivative of 5*l**3/6 + 2*l. Let c be (-5)/3*(-4)/(-8) + 27060/3960. Give h(c).
30
Let v(k) = -37 - 9 - 10 + 2*k**2 - 6*k**2 + 5*k**2 + 9*k. Determine v(-13).
-4
Let f(y) = 7*y - 6 - 7 - 48*y - 7 + 42*y. Let q = -1 - -1. Calculate f(q).
-20
Suppose 4 = 5*b - 3*i, -b + 3*b - i = 2. Let f = 852 - 852. Let k(u) = 6*u**2 + u + 3*u - u**3 + f*u**b - u**2. What is k(6)?
-12
Let n = -48 - -51. Let q(g) = 17 + 4*g - 3 + 17*g. Let x(z) = -4*z - 3. Let i(u) = n*q(u) + 14*x(u). Calculate i(2).
14
Suppose -3*t - 29 = -26. Let g be 13/2 - t/(-2). Let p(d) = g*d - 18*d + 12*d + d + 4. Determine p(-5).
-1
Let s be 39/6 - (-2)/16*(-13 - -9). Let j(g) = 181*g - 1091. Calculate j(s).
-5
Let j(b) = 35*b - 2*b**2 + 2265 - 4554 + 2*b**2 - b**3 + 15*b**2 + 2256. What is j(17)?
-16
Let y(v) = -6*v**2 + 4*v**3 - 8*v - 5*v**3 - 16*v**2 - 8 + 21*v**2 - 6*v**2. Determine y(-6).
4
Let r(v) = -2*v**3 - 10*v**2 + 12*v + 3. Let j = -162 - -156. Let z be r(j). Let m(q) = -q + 1. Calculate m(z).
-2
Let s be 2 + 0 + 3/1. Suppose -n + s*v = 4*v - 4, -2 = -3*n - 2*v. Let a(h) = h**3 - 3*h**2 + 2*h - 3. What is a(n)?
-3
Suppose 0 = 6*i - 10*i - 4. Let x = 19 + 2. Let s(b) = x*b**2 - 12*b**2 - 13*b**2. What is s(i)?
-4
Let v(i) = -7*i + 20. Let t(h) = -9*h + 26. Let k(c) = -5*t(c) + 6*v(c). Determine k(6).
8
Let b(l) = 9*l - 24. Let z(q) = 2*q**2 - 27*q - 179. Let j be z(-5). Determine b(j).
30
Let m(y) = y - 1. Suppose 9*a - 798 = 4*j + 7*a, -2*a + 402 = -2*j. Let u = j + 201. Determine m(u).
2
Let t(x) = x**3 + 6*x**2 - 11*x - 10. Let a(y) be the third derivative of -y**5/60 - y**4/24 + 35*y**3/6 - 2*y**2 - 74*y. Let s be a(6). Determine t(s).
18
Let w(s) = -43 - 3*s + 85 - 44. Suppose -2*m - m = 12. What is w(m)?
10
Let i(h) be the third derivative of -41*h**2 + 4/3*h**3 + 1/12*h**4 + 0*h + 0. Determine i(-7).
-6
Let a(o) = 3*o + 69. Let z = 4964 + -4989. Calculate a(z).
-6
Let u = -9 - -12. Let i be 3 + -4 - u - -4. Let r(j) = j**2 - j + 8 - 14 + 10. Determine r(i).
4
Let q(l) = 64*l + 450. Suppose -41 = 3*v - 5*y, -34*y + 6 = 2*v - 29*y. Give q(v).
2
Let g(k) = -k**2 + 33*k - 81. Let i be g(3). Suppose 2*t - 26 = 4. Let d(h) = i - t + 4*h + 5. Determine d(-2).
-9
Let h(l) be the third derivative of -l**7/5040 + l**6/45 - 3*l**5/2 - l**4/12 - 9*l**2. Let b(r) be the third derivative of h(r). Calculate b(13).
3
Suppose -b + 5*z - 18 = 0, -10*z + 12 = -b - 7*z. Let p(v) = -v**2 + 2*v + 16. Determine p(b).
1
Let f = 157 - 153. Let x be f*(((-20)/(-5))/8 - 2). Let i(k) = 3*k - 3. Calculate i(x).
-21
Let l(v) = -6*v + 0*v - 4*v + 63*v**2 + 5*v - 64*v**2 - 6. Calculate l(-6).
-12
Let q(s) = -s**3 + 4*s**2 - s + 3. Let w be q(6). Suppose i - 26 = 54. Let o = i + w. Let d(c) = c**2 - 10*c + 5. What is d(o)?
-20
Let l(j) be the first derivative of 3*j**2 + j + 3813. What is l(-8)?
-47
Let a = -124 + 134. Suppose -30 = -4*c - a, 0 = 3*d + 2*c - 1. Let o(y) = 1 + 1 + 3*y + y. Give o(d).
-10
Let t(m) = m**3 + 27*m**2 + 23*m - 9. Let o be t(-26). Let v = o - 73. Let n(d) be the third derivative of -d**5/30 - 7*d**4/24 - d**3 + 5*d**2. What is n(v)?
-10
Let x = -266 - -268. Suppose 3*j - x*v + 13 = -4*v, -5*j - 22 = 3*v. Let y(q) = -q**3 - 6*q**2 - 4*q - 6. Determine y(j).
-11
Let p(c) = 8*c + 13. Let n(a) = -3*a - 4. Let d(l) = -7*n(l) - 2*p(l). Let z(y) = 86*y - 4. Let t be z(0). Determine d(t).
-18
Let m(r) = r**3 - 7*r**2 + 60*r - 536. Let n be m(8). Let s(o) = o**3 - 9*o**2 + 7*o + 11. What is s(n)?
3
Let m(k) = -k**3 - 2*k. Let w(r) = -4*r**3 - 10*r**2 - 3*r + 3. Let j(o) = -2*m(o) - w(o). What is j(-1)?
-6
Let f(w) be the first derivative of 4*w**2 - 219 - 13*w - 1/3*w**3. Calculate f(7).
-6
Let r(b) = b + 2. Let v(z) = 2*z + 5. Let g(l) = 5*r(l) - 2*v(l). Suppose -23 = 3*y - 35, -5*y + 18 = -o. Give g(o).
2
Let d(y) be the first derivative of -2*y**3/3 + 3*y**2/2 - 3*y + 247. Let u(b) = -b**3 - 6*b**2 - 3*b - 15. Let f be u(-6). Determine d(f).
-12
Let y(l) = 1 + l + 0 - 6. Let k(m) = -12. Let q(b) = b - 65. Let f(i) = 5*k(i) - q(i). Let c(v) = 3*f(v) + 2*y(v). Give c(3).
2
Let s(o) = o**3 + 7*o**2 + 6*o + 3. Suppose -119*a - 431 = 164. Determine s(a).
23
Suppose -64*k + 76 = 4*v - 59*k, -3*k - 30 = -3*v. Suppose v = 6*n + 26. Let i(b) = 8*b. Give i(n).
-16
Let d = 5349 + -5345. Let k(t) = t**3 - 3*t**2 - t - 3. What is k(d)?
9
Suppose -z = q + 4*z - 9, z = -2*q + 9. Let d(h) = 3*h - 6 + 0 + 4 + q. Suppose -4 = -i + 2*o - 10, 0 = -5*o + 10. Give d(i).
-4
Suppose 2*o + 3*v = 28, -2*o = -2*v - 16 - 2. Suppose 2*d = -2*h - 11 - o, -29 = 4*d - h. Let t(j) = -j**2 - 10*j - 6. Determine t(d).
10
Let k(m) = -m**2 - m - 8. Let f(t) = -t**2 + 16*t - 28. Let c = 38 + -26. Let p be f(c). Suppose -5*y + 4*x = -2*y + 16, p = -5*y + 5*x. What is k(y)?
-8
Suppose 2*z - 3*y - 4 = -18, -6 = 3*z + 3*y. Let n(s) = -20*s + 5. Let a be n(-1). Let k(h) = a*h - 48*h + 22*h. Determine k(z).
4
Suppose 11 + 25 = -4*k. Let a be (-24)/(-108) - (0 + (-11)/k). Let h(d) = -3*d + 6. Let x(b) = -b + 1. Let f(t) = a*h(t) + 6*x(t). Calculate f(4).
-12
Let d = -4 + 4. Let n(j) = 5*j**3 - 5*j - 13. Let y(q) = -24 + 67*q + 8*q**3 - 40*q + q**3 - 36*q. Let g(a) = 11*n(a) - 6*y(a). What is g(d)?
1
Let d(r) = -r**2 - 13*r - 22. Let b be d(-4). Let g(z) = -1 + 19*z - 52*z + b*z + 13*z. What is g(-1)?
5
Let q = 6087 - 6076. Let y(g) = 2*g**2 - 18*g - 48. What is y(q)?
-4
Let x = 1723 + -1735. Let n(c) = c**2 + 15. What is n(x)?
159
Let i(s) = -43*s - 4. Let j = 10377 + -10378. Give i(j).
39
Let x(j) = -j - 7. Suppose 11*i + 292 = -62*i. What is x(i)?
-3
Let b = -427 + 511. Let p = 79 - b. Let c(s) = s**3 + 7*s**2 + 7*s + 3. What is c(p)?
18
Let m = 3378 + -3386. Let r(i) = i**2 - 10*i - 126. Calculate r(m).
18
Suppose 19 = 3*x + 70. Let a = 19 + x. Let t(w) = 2 + 3*w**2 - 10*w - 5*w**a + 13*w + w**2. Give t(5).
-8
Let n = 128 + -105. Let t(m) = m**2 - 24*m + 21. Let i be t(n). Let c(p) = -25*p + 18*p - 1 + 12*p. What is c(i)?
-11
Let s(z) = 18*z - 266. Let x be s(15). Let u(g) be the second derivative of -9/2*g**2 + 1/6*g**3 + 0 + 7*g. Determine u(x).
-5
Let x(g) = -3*g**2 - g + 3. Let c(o) = -16*o**2 - 20*o - 29. Let h(p) = c(p) - 5*x(p). Calculate h(-11).
0
Let v(k) = -67*k + 101. Let w(r) = 5*r. Let l(n) = v(n) + 11*w(n).